t u(z) = -4*z + 2. Let d(v) = 5*q(v) - 4*u(v). Let b be d(-8). What is the hundreds digit of -2 + 109 + (b - 2)?
1
Suppose 12*r - 7*r = -220. Suppose 3*t = -4*x + 495, -2*x - 6 = -4*x. Let y = t - r. What is the hundreds digit of y?
2
Let l = 7 + 51. Let a(u) = l*u - 23*u - 7 - 21*u. What is the units digit of a(6)?
7
Suppose -684*m + 25429720 = -160*m. What is the hundreds digit of m?
5
Let w(t) = -909*t - 28. Let u be w(-2). Suppose -5*m = -2*n + 300 - u, -2*m - n = -587. What is the hundreds digit of m?
2
What is the thousands digit of 42/(-98) - 332585/(-35)?
9
Let g = -375 - -380. Suppose -759 = -4*n + l + 766, n - 367 = g*l. What is the tens digit of n?
8
Suppose 0 = 2139*a - 2189*a + 400850. What is the units digit of a?
7
Let o(n) = -n**3 - 23*n**2 - 21*n + 16. Let s be o(-22). Let m be (-16)/(-24) - 26/s. Suppose m*i = 7*i - 28. What is the tens digit of i?
1
Let m be 18/(-6) - 9 - -18. Let f be (-27)/(-6) + 1/(-2). Suppose -2*i = i - m, l = f*i + 86. What is the units digit of l?
4
Let r = -850 - -1222. Suppose 3*c = 5*p + r, 0*c + 252 = 2*c - 2*p. What is the tens digit of c?
2
Suppose -13 = -3*h + 2*h. Suppose -7*i + h*i = 1308. Suppose -126 = -4*v + i. What is the tens digit of v?
8
Suppose 7*v - 12917 = 74457. What is the tens digit of v?
8
Let n(z) = z**3 + 29*z**2 + 28*z + 16. Let g(k) = -k**3 - 30*k**2 - 29*k - 16. Let o(a) = 3*g(a) + 4*n(a). Let q = 1727 + -1752. What is the tens digit of o(q)?
1
What is the units digit of (4652 - 1) + (12 - 25)?
8
Suppose 2*s - 1206 = 5*d, -4*d - 798 = 5*s - 3780. Suppose 3*c = -5*g - 0*g + s, -3*c + g + 604 = 0. What is the hundreds digit of c?
2
Suppose 21*l + 3*q = 20*l + 2360, 0 = 3*l - 5*q - 6982. What is the hundreds digit of l?
3
Suppose 52*s - 24*s = 43*s - 83790. What is the thousands digit of s?
5
Let z(o) = 1 - 5 + 5. Let t(v) = -111*v - 10. Let a(c) = t(c) + 5*z(c). What is the units digit of a(-1)?
6
Suppose 64*d = 60*d + 1112. Let p = d + 278. What is the hundreds digit of p?
5
Suppose -674*f + 110570 = -664*f. What is the units digit of f?
7
What is the units digit of 4/(-34) + ((-846318)/(-204) - (-18)/(-12))?
7
Let d be ((-6)/12)/((-4)/(-8)). Suppose i - 5 = 4*u + 11, 2*u - 52 = -2*i. What is the units digit of 906/i - d/4?
8
Suppose 48*f + 1 = 49*f, -4*f - 15326 = -h. What is the hundreds digit of h?
3
Let w = 8141 + 5411. What is the units digit of w?
2
Suppose 77*r = 388232 + 207440. What is the units digit of r?
6
Suppose 18*c - 13*c = 0. Suppose c = -5*t + 1516 + 889. What is the hundreds digit of t?
4
Let k(i) = -2*i**2 + 27*i + 95. Let w be k(16). Let j(f) = 49*f + 117. What is the tens digit of j(w)?
5
Let j(g) = -g**2 + 6. Let i be j(-3). What is the tens digit of (i - (-41)/(-2))*(-1 + -43)?
3
Let k = -55 - -63. Let n be (k - 14)*1/(-2). Suppose m = v - m - 174, v + n*m = 159. What is the hundreds digit of v?
1
Suppose 2*g + 137 = -5*k, 4*k - k + 4*g = -71. What is the tens digit of 0 + 277 + (-25 - k)?
8
Let f(t) = t**3 + 19*t**2 + 16*t + 4. Let a be f(-16). What is the tens digit of (-10)/(-10) + 5/(-1) + a?
1
Suppose 5*j = v + 24, -j - 3*j = -2*v - 18. Let t be (-2)/(-2) + -6 + 7. What is the units digit of (109 + v - 2)*1/t?
4
Suppose -7*p = 148 + 377. What is the hundreds digit of (-975)/(-9) + (-5)/(p/10)?
1
Suppose 366*t - 360*t - 39438 = 0. What is the hundreds digit of t?
5
Let w(b) = -b - 19. Let c be w(-17). Let j be (c/5)/(-2 - 63/(-30)). What is the tens digit of (-3)/(-6) - 206/j?
5
Let v be 5 - (40/(-5) - 8371). Suppose -v = 8*u - 40*u. What is the tens digit of u?
6
Suppose -14 = 2*k + 2*g, 4*k = -0*k + 4*g - 4. Let j be 3/(30/4475) - 2/k. Suppose 0*w + j = 4*w + i, -5*w - 3*i + 567 = 0. What is the hundreds digit of w?
1
Let n be 6 + 2 + 19 + -24. Suppose -n*d = -5*i - 945, 5*d = i - 0*i + 1597. What is the hundreds digit of d?
3
Let j = 1342 - -153. Suppose i + 1478 = u, u + 7 = -4*i + j. What is the thousands digit of u?
1
What is the thousands digit of 34685/14*(-38)/(-19)?
4
Suppose -2*r = 207 - 71. Let v = 209 + -101. Let d = r + v. What is the units digit of d?
0
Let k(l) = 107*l - 279. Let z = 559 - 548. What is the tens digit of k(z)?
9
Let s = 26929 - 2957. What is the ten thousands digit of s?
2
Let l = 20 + -20. Let f be 511/(-14)*(l - 2). Let k = 131 - f. What is the units digit of k?
8
Suppose -620 = -98*v + 94*v. Let p = 108 + v. What is the tens digit of p?
6
Let x(v) = 16*v - 21. Let u be x(6). Suppose u = 3*a + 2*f - f, 0 = -2*f. Let k = a + 138. What is the tens digit of k?
6
Suppose -9 - 11 = -l + 3*i, 0 = l + i. Suppose j + 19 = -3*f - 17, l*j + 206 = -2*f. What is the tens digit of j/5*((6 - 3) + -8)?
4
Let w be 2/2 - 2 - (-3 - -9). Let r(i) = 14*i**2 + 30*i - 21. Let q(s) = 5*s**2 + 10*s - 7. Let u(z) = 11*q(z) - 4*r(z). What is the units digit of u(w)?
8
What is the hundreds digit of (-372)/76 - 5/(-1) - (-2534688)/247?
2
Suppose -9*a + 0*a + 54 = 0. Suppose -x - 2075 = -a*x. Suppose -x = -5*p + 230. What is the hundreds digit of p?
1
Suppose 5*p - 72930 = 5*l, -16*l - 72900 = -5*p - 21*l. What is the hundreds digit of p?
5
Let y(q) = 1104*q + 3977. What is the tens digit of y(28)?
8
Suppose -6*j - 2*v = 37674 - 165960, 0 = -3*j - 4*v + 64125. What is the tens digit of j?
8
Let m(c) be the third derivative of 25*c**4/8 + 45*c**3 + 4*c**2 - 17*c. What is the hundreds digit of m(0)?
2
Suppose 22*u - 19*u = 54. Let a be -9 + u - 2/(1/1). Let j = a + 78. What is the units digit of j?
5
Suppose 44*h = 36*h. Suppose h = 2*n + 23*n - 29350. What is the thousands digit of n?
1
Let m = 23904 - 4553. What is the tens digit of m?
5
Suppose 0 = 4*n - 7*n. Let t = 3 + n. Suppose v + 3*d = 69, -5*v + 358 - 13 = t*d. What is the units digit of v?
9
Suppose 449*p - 35960 = 445*p. What is the units digit of p?
0
Suppose -3*t = 3*t. Suppose t*g - w - 954 = -3*g, g = 2*w + 323. Suppose 4*n + 2*s - 248 = -2*s, 2*s = 5*n - g. What is the tens digit of n?
6
Let b(u) = -2*u**2 + 34 + 13*u - 52 + 4*u**2 - 4*u**2 + u**3. What is the hundreds digit of b(8)?
4
Let b be (-1 - -2) + -2*24/16. What is the units digit of 6 + (-214 - -8)*b/4?
9
What is the hundreds digit of ((-79)/((-1106)/448))/(1/1131)?
1
Let p(d) = 115*d**2 - 143*d + 204. What is the ten thousands digit of p(-19)?
4
Let s(p) = -31*p + 2712. What is the hundreds digit of s(0)?
7
Let w(h) = -16*h + 3871. What is the units digit of w(102)?
9
Suppose -2*u - 15 = -7*u. Suppose u*j + 181 = 2*y + 2*y, -31 = -y - 4*j. Let k = -3 + y. What is the units digit of k?
0
Let g(o) = 66*o**2 - 93*o - 802. What is the thousands digit of g(-15)?
5
Let j(u) = -u**3 - 11*u**2 + 12*u + 5. Let g be j(-12). Let w(a) = 16*a. Let c be w(g). What is the tens digit of (-4 + c/15)/((-4)/(-246))?
8
Let g(n) = -65*n - 15. Let v be g(5). Let k = v + 485. What is the tens digit of k?
4
Let k(c) = -c**2 + 23*c - 38. Let f be k(11). Let m = f - 173. Let b = 276 + m. What is the tens digit of b?
9
Suppose -2*t - 3*v + 819 = 0, t - 2*t + 4*v = -382. Let f = t + -274. Suppose 8 - f = -6*i. What is the units digit of i?
0
Let u be (-190)/(-35) + (-8)/(-14). Suppose -m - u = -7. What is the units digit of ((-70)/25)/(m/(-30))?
4
Let a be 2/(12/27)*12/18. Suppose 15 = f + 3*t - 17, a*t = -4*f + 146. What is the tens digit of f?
3
Let m(h) = -6*h - 259. Let z be m(-43). What is the tens digit of 1038 + (-3 - z - 32/(-8))?
4
Let g(r) = -r**3 + 9*r**2 + 5*r - 12. Suppose 31*a - 105 = 26*a. Let p be ((-9)/2)/(a/(-42)). What is the units digit of g(p)?
3
Suppose 115 = -0*m - 5*m. Let p = 25 + m. What is the tens digit of p - -10*(2 - -4)?
6
Suppose -6*j + c = -3*j - 26, 4*j - c - 35 = 0. What is the units digit of (58/6)/(1/j)?
7
Let j = 22252 - 3324. What is the ten thousands digit of j?
1
Let u be (-2)/14 + (-5 + 9)/28. Suppose 2*j + v - 690 = u, 3*j - 1037 = -v - v. What is the tens digit of j?
4
Let g = 12847 + 43827. What is the ten thousands digit of g?
5
Let m(r) = r**3 + 16*r**2 - 17*r + 17. Let c be (-196)/6 - 30/(-45). Let i = 15 + c. What is the tens digit of m(i)?
1
Suppose 9*y + 8*y = -y. Suppose 4*d - 506 = -v, y = -d + 4*v + 130 + 5. What is the tens digit of d?
2
Suppose 15*c + 87*c = 43350. What is the units digit of c?
5
Let s(r) = 41*r**2 - 88*r + 10. Let g be s(27). Suppose 0 = -22*v + g - 3433. What is the